7*w**3 + 2*w**2 - 1. Let c be l(1). Suppose 5*a - c = 3*a. Let g(u) = 3*u - 12. What is the tens digit of g(a)?
1
Let u(m) = m**2 - 9*m - 10. Let w be u(10). Let b(t) = -t**2 + t + 10. What is the tens digit of b(w)?
1
Let r be (0 + (0 - 1))*(-6)/2. Suppose -l - 25 = -a - 2*l, -r*l = a - 21. What is the tens digit of a?
2
Suppose -2*s - w + 9 = 0, 4*s + 15 = 4*w + 39. Suppose 3 = -i + 5, -x + s*i = 5. What is the units digit of x?
5
Let g(o) = o**3 - 8*o**2 + 7*o + 3. Let t be g(7). Suppose m = 5*j - 585, 2*j + t*m + m - 212 = 0. What is the hundreds digit of j?
1
Suppose 0 = 12*o + 10*o - 17050. What is the hundreds digit of o?
7
Let f be ((0 - 0)/2)/2. Suppose 2*c + 212 = 4*u, -5*u + c - 27 + 286 = f. Suppose 3*j - x - u = -4, -3*x - 45 = -3*j. What is the tens digit of j?
1
Let s be (0 + 2 + -2)/2. Suppose s = -2*x + 1 - 9. Let w = 9 - x. What is the units digit of w?
3
Let w(d) = -d - 2. Let c be w(-4). Suppose 5*a + 5*u - 3 = 2, -u = c. Suppose -3*z + 48 = 3*k, -a*k + 1 - 13 = -2*z. What is the tens digit of z?
1
Let v = 27 + -17. Suppose 2*c = -3*c + v. Suppose -w + t = -18, 3*w - c*t = 2*t + 53. What is the tens digit of w?
1
Suppose 4*k - 5*k - 4 = 0. Let l be 1 - (-18 + 1) - k. Let f = l - 12. What is the units digit of f?
0
Let h(k) = -k**2 + 51*k + 187. What is the units digit of h(48)?
1
Let m(k) = -110*k + 11. What is the units digit of m(-1)?
1
Suppose 5*o + 8 = 28. Suppose -2*h - 10 = -w + 3*w, -3*h - 19 = 5*w. Let k = o - w. What is the units digit of k?
6
Let x = 22 - 2. Let u = 182 + -190. Let f = u + x. What is the units digit of f?
2
Let j(s) = 8*s**2 - s. Let y be j(6). Let t = 135 - 132. Suppose 9*h - t*h - y = 0. What is the units digit of h?
7
Let l = 7 - 16. Let w = -3 - l. Let y = w + 2. What is the units digit of y?
8
Suppose -15*p = -10*p - 255. Suppose 0 = k, n = -0*n + 3*k + p. What is the units digit of n?
1
Suppose -2*k = -3*u + 28, -2*u - k + 12 = -4*k. Suppose -3*l - 3*m - u - 54 = 0, 4*l = -2*m - 80. What is the tens digit of l/15*40/(-3)?
1
Suppose 2*g = 4*t + 2918, 0 = 4*g - 3*t - 2506 - 3345. What is the hundreds digit of g?
4
Suppose -m = -3*u - 2*u + 7296, 0 = -3*u + 5*m + 4382. What is the thousands digit of u?
1
Let h(w) = w**2 - 34*w + 7. What is the units digit of h(34)?
7
Let t = 416 - 51. What is the hundreds digit of t?
3
Suppose 3*d + 47 = 2*k, 0 = 3*k + 2*d - 56 - 21. Let b = k + -49. What is the units digit of 10/(-3)*b/16?
5
Let w be (5 + -8)/(2 + -5). Let f be (-1 - w)/(3 - 4). Suppose 5*k - f*t - 61 = 25, -8 = -4*t. What is the units digit of k?
8
Let p(z) = 5*z**2 + 8*z + 12. Let a(f) = 3*f - 48. Let r be a(14). What is the hundreds digit of p(r)?
1
Suppose j = 44 + 32. Let p = j + 80. What is the tens digit of p?
5
Let f be 104/(-18) - (-18)/(-81). Let q = f + 11. Suppose 3*i - 3*b = 75, 6*b = -q*i + 3*b + 93. What is the tens digit of i?
2
Let v(o) = -2*o + 24. Let q be v(11). Suppose -7*n + 7 = t - 3*n, -q*t + n = -14. What is the units digit of t?
7
What is the tens digit of (1 - 0 - -43) + -2*2?
4
Let g = 151 + -39. Suppose -2*s + 32 = -g. Let h = -49 + s. What is the tens digit of h?
2
Suppose -392*r = -382*r - 35300. What is the thousands digit of r?
3
Suppose -2*x + 3*x - 2 = 0, r = -x - 1. What is the tens digit of 8/r*2376/(-96)?
6
Suppose 3*o - 4 = 3*n - 43, 3*o - 3 = 0. Suppose 3*f + 2*w + 6 + 16 = 0, -3*f = -2*w + n. What is the units digit of 1/f - (-277)/6?
6
Let q be (-18)/4*8/12. Let d be 3*(1 - (-34 - q)). Let v = d - 45. What is the units digit of v?
1
Suppose 6*h - 3989 = 7879. What is the units digit of h?
8
Let x be (6/(-7))/((-1)/21). Let o be ((-3)/2)/(3/(-4)). Suppose -o*g - x = -4*g. What is the units digit of g?
9
Let n(h) = 12*h**2 - 5*h - 6. What is the hundreds digit of n(7)?
5
Suppose -4*v - 16 = 2*j, -v - 10 = v. Suppose -4 + j = -n. What is the units digit of n?
2
Let n be 6/(-12) - (-737)/2. Let y be 2/(-9) - 33/(-27). What is the units digit of n/10 + y/5?
7
Let g(j) = -j**2 + j + 3. Let p be g(0). What is the tens digit of -3 + (57 - 0) - p?
5
Let p = -14 + 19. Suppose -s = 1 - p. What is the tens digit of 4*(-1)/(s/(-35))?
3
Let u(r) = 6*r**3. Let t be u(-1). Let o be (14/t)/((-5)/15). Let q = -3 + o. What is the units digit of q?
4
Let u(d) = 2*d**2 - d - 2. Suppose -2*h - 4*t = -3*h + 18, 0 = -5*t - 20. Suppose -6*q = -h*q - 12. What is the tens digit of u(q)?
1
Suppose -4*b - 3*p + 2209 = 0, b = 2*p - 195 + 750. What is the tens digit of b?
5
Suppose 2*k + 1 + 1 = 0. Let j(z) = 17*z + 2. Let s be j(k). What is the units digit of 122/3 - (-10)/s?
0
Let w(f) = -f**2 + 11*f - 6. Let y be w(10). Let l(z) = 15*z + 2. Let u be l(y). Suppose 5*b = -2*q + u, -11 - 9 = 5*b. What is the units digit of q?
1
Let j(f) = -5*f - 14. Suppose 4*u + 2*y + 47 = -3*y, 2*u + 2*y = -22. What is the units digit of j(u)?
6
Suppose v - 465 - 784 = 4*p, -5*v - 2*p = -6267. What is the thousands digit of v?
1
Let l = 68 - 39. Let v = l + -7. What is the units digit of v?
2
Let c be -6*(-7)/(63/192). Suppose 8*g - 4*g = c. What is the units digit of g?
2
Let o(i) be the second derivative of -19*i**3/6 + i**2/2 - 2*i. What is the units digit of o(-3)?
8
What is the units digit of -1*(18/(-12) - 958/4)?
1
Let j be (8430/25)/(-3) - (-3)/(-5). Let a = 167 + j. What is the tens digit of a?
5
Suppose -6*d + 31 = -29. Suppose 6*r + 114 = 2*x + d*r, -3*r - 100 = -2*x. What is the units digit of x?
3
Let w(r) = 416*r - 14. What is the hundreds digit of w(2)?
8
What is the thousands digit of 2 + -7 - ((-17 - -17) + -4282)?
4
Suppose s - 5*j - 1276 = -6*j, 3*s = 5*j + 3796. What is the units digit of s?
2
What is the units digit of 874 - (-1)/((6 - 0) + -5)?
5
Suppose 23*y = 14020 + 3506. What is the hundreds digit of y?
7
Let k(q) = 18*q + 17. What is the units digit of k(13)?
1
Let b = -83 - -87. What is the units digit of (-13)/(-2) + -5 - (-706)/b?
8
Let l = 181 - -56. Suppose 3*k - 73 - 152 = -3*i, -3*i + k + l = 0. Let s = 119 - i. What is the units digit of s?
1
Let n(w) = -4*w**3 - w**2 - 16*w - 8. What is the hundreds digit of n(-6)?
9
Let f(d) = -d**2 - 12*d + 637. What is the hundreds digit of f(0)?
6
Let n(r) = 5*r**2 + 57*r - 8. What is the units digit of n(-16)?
0
Suppose 21 + 6 = 3*q. Suppose -q*h + 370 = -4*h. Suppose 0 = 5*j + 9 - h. What is the tens digit of j?
1
Let t be -4 + 3 + 99/(-1). What is the units digit of ((-15)/(-4))/((-15)/t)?
5
Let u = 0 + 35. Suppose 5*a = -2*n + 6*n - 37, 4*a + u = 5*n. What is the units digit of (-52)/(-5) + n/5?
1
Let r be (-6*3)/(3/(-22)). Let v(s) = s**3 - 11*s**2 + 12*s - 14. Let g be v(10). Suppose -g*i - r = -10*i. What is the units digit of i?
3
Let m be -6*-1*(20/8 - 2). Suppose m*u = 5*p - 105, -p + 92 = 2*p + 4*u. What is the tens digit of p?
2
Let j(o) be the third derivative of -o**5/60 - 17*o**4/24 + 25*o**2. What is the tens digit of j(-13)?
5
Suppose p = -5*y + 612, 5*y - p - 606 = p. What is the hundreds digit of y?
1
Let k(w) = w + 1. Let x be k(6). What is the tens digit of 340/6 + x/21?
5
Suppose -7*x + 1843 = -3358. What is the units digit of x?
3
Suppose -11*d = -7*d - 76. Let j = d + -14. What is the tens digit of (-18)/(((-5)/3)/j)?
5
Suppose -6*p + 2*p + 60 = 0. Suppose d = -4*d, -p = -c + 4*d. Suppose -2*r = -4*x - x - c, -5*r + 5*x + 45 = 0. What is the units digit of r?
0
Let h be 9/5 - (-4)/20. What is the units digit of 49 + h + -4 - 0?
7
Let x = 5 - 14. Let r = x - 8. Let u = r - -60. What is the tens digit of u?
4
Let k be 2740/18 - (-22)/(-99). Suppose k = 3*b + 2*s, -2*b - 2*s = 3*s - 116. What is the units digit of (b/(-3))/(4 - 6)?
8
Let m(f) = -2901*f**3 - 2*f**2. What is the hundreds digit of m(-1)?
8
Let j(o) = 3*o**2 + 10*o - 23. Let b(f) = -4*f**2 - 15*f + 35. Let x(a) = 5*b(a) + 7*j(a). What is the units digit of x(-7)?
8
Suppose 4*o + x = 2324, -7*x + 6*x + 4 = 0. What is the tens digit of o?
8
Let f(w) = w**2 - 7*w - 4. Let v be f(8). Suppose 3*d - 2 = 2*d, -v*i - 4*d = -44. What is the units digit of -2 - -6*24/i?
4
What is the hundreds digit of 179504/88 + (-20)/(-110)?
0
Let o(x) = -x + 9. Let n be o(6). Let w be (-4)/10*(n - 8). Suppose 0 = -3*c + w*u + 53, 2*u + u = 6. What is the tens digit of c?
1
Let a = 25 - 76. Let o = a - -71. Suppose -5*l - 6*d + 2*d = -o, l - 4*d = 4. What is th